{"id":7,"date":"2021-02-13T12:50:40","date_gmt":"2021-02-13T12:50:40","guid":{"rendered":"http:\/\/surdegsbageriet.com\/surdegen\/?page_id=7"},"modified":"2021-02-20T08:43:30","modified_gmt":"2021-02-20T07:43:30","slug":"kontakt","status":"publish","type":"page","link":"http:\/\/surdegsbageriet.com\/surdegen\/kontakt\/","title":{"rendered":"Kontakt"},"content":{"rendered":"\n<p>J\u00e4dra\u00e5s surdegsbageri  Brog\u00e5rdsv\u00e4gen 1  81691 J\u00e4dra\u00e5s<\/p>\n\n\n\n<p>Tel. 0705678910 <\/p>\n\n\n\n<p>Mejl <a href=\"mailto:post@surdegsbageriet.com\">post@surdegsbageriet.com<\/a><\/p>\n\n\n\n<p><\/p>\n","protected":false},"excerpt":{"rendered":"<p>J\u00e4dra\u00e5s surdegsbageri Brog\u00e5rdsv\u00e4gen 1 81691 J\u00e4dra\u00e5s Tel. 0705678910 Mejl post@surdegsbageriet.com<\/p>\n","protected":false},"author":1,"featured_media":0,"parent":0,"menu_order":0,"comment_status":"closed","ping_status":"closed","template":"","meta":{"footnotes":""},"class_list":["post-7","page","type-page","status-publish","hentry"],"_links":{"self":[{"href":"http:\/\/surdegsbageriet.com\/surdegen\/wp-json\/wp\/v2\/pages\/7","targetHints":{"allow":["GET"]}}],"collection":[{"href":"http:\/\/surdegsbageriet.com\/surdegen\/wp-json\/wp\/v2\/pages"}],"about":[{"href":"http:\/\/surdegsbageriet.com\/surdegen\/wp-json\/wp\/v2\/types\/page"}],"author":[{"embeddable":true,"href":"http:\/\/surdegsbageriet.com\/surdegen\/wp-json\/wp\/v2\/users\/1"}],"replies":[{"embeddable":true,"href":"http:\/\/surdegsbageriet.com\/surdegen\/wp-json\/wp\/v2\/comments?post=7"}],"version-history":[{"count":3,"href":"http:\/\/surdegsbageriet.com\/surdegen\/wp-json\/wp\/v2\/pages\/7\/revisions"}],"predecessor-version":[{"id":151,"href":"http:\/\/surdegsbageriet.com\/surdegen\/wp-json\/wp\/v2\/pages\/7\/revisions\/151"}],"wp:attachment":[{"href":"http:\/\/surdegsbageriet.com\/surdegen\/wp-json\/wp\/v2\/media?parent=7"}],"curies":[{"name":"wp","href":"https:\/\/api.w.org\/{rel}","templated":true}]}}